(g) - 9*r(g). Calculate w(-6).
9
Let w(s) = -s**3 - 22*s**2 - 2*s - 36. Let k be (88/5)/2*5/(-2). What is w(k)?
8
Let o(n) = -n**2 - 107*n - 38. Let x(u) = u**2 + 146*u + 51. Let z(c) = 9*o(c) + 7*x(c). Calculate z(29).
44
Let t(r) = -10*r**2 - 20*r - 252. Let y(q) = 8*q**2 + 20*q + 252. Let g(u) = 3*t(u) + 4*y(u). Let f(x) be the first derivative of g(x). What is f(-5)?
0
Let b(t) = -t**3 + 52*t**2 + 56*t - 165. Let c be b(53). Let i(r) = 3*r**2 + 16*r - 7. Determine i(c).
5
Let r(n) = n**3 + 11*n**2 + 20*n + 55. Let o be r(-10). Let t = -3 - -1. Let z be o/(-27)*6/(-4)*t. Let x(v) = -v**2 + 5*v - 6. Determine x(z).
-6
Let p(r) = -r**3 - 2*r**2 + 21*r + 7. Let i = -3283 - -3277. Give p(i).
25
Let k(c) = -c**3 + 20*c**2 + 23*c - 26. Let u = 1942 - 1921. Calculate k(u).
16
Let o(m) be the second derivative of -5*m**4/2 + 5*m**3/6 + 7*m**2/2 - 66*m. Let h(s) = -4*s**2 + s + 1. Let y(v) = 6*h(v) - o(v). What is y(1)?
6
Let g(q) = 16*q + 26. Let u(p) = -6*p - 9. Let x = -105 - -91. Let f(h) = x*u(h) - 5*g(h). Suppose 5 = 3*t + 3*a + 2, -2*a - 4 = 0. What is f(t)?
8
Let i(d) = -21*d + 2478. Let p be i(117). Let z(h) = 6*h**2 - 129*h + 58. Calculate z(p).
-5
Let g(b) = -263839*b - 22 + 131924*b - 9*b**2 + b**3 + 131925*b. Calculate g(7).
-50
Suppose 8*o = -4*o + 123*o - 111. Let k(f) = -33*f**3 - f**2 - 2*f + 2. What is k(o)?
-34
Suppose -8*m - 6 = 7*x - 5*x, -2*m = -2*x + 24. Let r(g) = -g**2 + 8*g + 20. What is r(x)?
11
Let c(l) be the first derivative of -l**4/12 + 4*l**3/3 - 2*l**2 - 88*l - 143. Let u(t) be the first derivative of c(t). Suppose y + 20 = 5*y. What is u(y)?
11
Suppose 154*i + 124*i - 2484 = 71*i. Let w(g) = -g**2 + 10*g + 27. Calculate w(i).
3
Suppose 3*i + 2*j - 20 = 0, -2*j + 3*j + 12 = 4*i. Let t(u) = 102 + 2*u - 96 - i*u + u. Determine t(6).
0
Suppose 0 = 14*x - 30 - 6 - 62. Let q(g) = g**2 + 3*g - 10. Give q(x).
60
Let a(t) = 3*t + 1. Suppose -3*j + 2*s = -16, 5*j + s = -3*s + 34. Let n be (j - 0)*(-6 + (-66)/(-12)). What is a(n)?
-8
Let x(g) = 19*g - 4. Let y(v) = -13*v + 3. Let n(r) = -5*x(r) - 7*y(r). Let a(i) = -i**3 + 24*i**2 - 3*i + 31. Let z be a(24). Let d = z - -40. Calculate n(d).
3
Let d(j) = j**3 + 17*j**2 + 61*j - 55. Let k be d(-11). Let t(n) be the second derivative of k*n**2 + 0 - 2*n + 13/6*n**3. Calculate t(-1).
-13
Let s(k) be the third derivative of k**6/120 + k**5/10 - 11*k**4/24 - 14*k**3/3 + k**2 + 17. What is s(-7)?
0
Let s(x) = 10*x**3 - 55*x**2 - 59*x - 114. Let i(b) = 3*b**3 - 18*b**2 - 20*b - 37. Let u(q) = 7*i(q) - 2*s(q). Determine u(17).
-116
Let h(y) = y**3 - y**2 - 12. Let c = 185 - 405. Let a = c + 220. Determine h(a).
-12
Let f(d) = d**3 + 8*d**2 + 10*d - 15. Let i = -116 - -121. Let c(s) = -2*s**3 - 14*s**2 - 20*s + 31. Let q(h) = i*f(h) + 2*c(h). Determine q(-11).
-2
Let r(d) = -d**3 + 62*d**2 - 287*d + 101. Let p be r(57). Let k(z) = -z**3 - 12*z**2 + 12*z - 16. Calculate k(p).
-3
Let b(x) = x**3 - 9*x**2 + 7*x - 169. Let l = 1625 + -1615. Give b(l).
1
Let h(t) = -48*t + 13. Let b = -7687 - -7686. What is h(b)?
61
Let y(o) = -o - 34. Let q = -32484 + 32446. Give y(q).
4
Let n(t) = -4*t**3 + t. Let s be (-16)/3*(-117)/52. Let r = 12 - s. Suppose -2*a + 10 - 8 = r. What is n(a)?
-3
Let t(d) = d + 17. Let s = -1199 - -1176. Calculate t(s).
-6
Let z(f) be the first derivative of -f**3/3 + 19*f**2/2 + 24*f + 10663. What is z(18)?
42
Suppose 0 = 3*l - o - 3, -o = -l - 4*o + 1. Let k(d) be the first derivative of -16*d**3/3 + d**2/2 - d - 90381. Determine k(l).
-16
Let k(g) = 2*g - 34. Suppose -66*l + 63*l + 2*w = -68, -3*l - 5*w + 82 = 0. Calculate k(l).
14
Let l(p) = -4*p - 41. Let c be l(-11). Suppose -320 = -j + 5*j + 4*n, c*n + 6 = 0. Let g be j/(-16) - 2/(-16). Let o(z) = z**2 - 8*z + 4. Give o(g).
-11
Let g(r) = -4*r - 10. Suppose 118 = 3*j + 5*n, 3*j - 100 = -0*n + 4*n. Let c be (-156)/j + 2/(-3). What is g(c)?
10
Let p(r) be the third derivative of 0*r - 1/24*r**4 - 2*r**2 - 18 - 1/3*r**3. Determine p(12).
-14
Let m(s) = -59*s**3 + 13*s**2 - 8*s + 19. Let l(u) = 64*u**3 - 14*u**2 + 8*u - 20. Let c(j) = 12*l(j) + 13*m(j). Give c(-4).
-9
Let z(d) = -18*d + 16. Let x be (530/(-371))/((-50)/(-140)). What is z(x)?
88
Let l = -22 - -28. Let u(y) = -7*y + 0 - 7*y - 5*y**2 - 3 + 9 + 7*y**2. What is u(l)?
-6
Let z(b) = 28*b + 248. Let t = 315 + -324. Calculate z(t).
-4
Let n be (5/(-20) - 0)*-16 + 4. Let t(h) = -n + 4*h**2 - 2*h**2 + 7 - h**3 + 2. What is t(4)?
-31
Let p(q) = q**2 + 3*q - 1. Let z(s) = s**2 - 7*s - 80. Let k = 76 + -82. Let o be z(k). Calculate p(o).
-3
Let p = 912 - 919. Let y(i) = -2*i**2 - 14*i + 9. Let j(r) = -r**2 - 7*r + 5. Let a(f) = -5*j(f) + 2*y(f). What is a(p)?
-7
Let p(m) = 21*m**3 - 21*m**2 - 21*m + 17. Let j(q) = 17*q**3 - 18*q**2 - 20*q + 15. Let u(r) = 5*j(r) - 4*p(r). Give u(8).
7
Let i(f) be the first derivative of 25*f**2/2 - 31*f - 2313. What is i(2)?
19
Let f(k) = -1 + 3 + 2 - k - 7. Let i = -24 + 28. Let a(z) = z + 3. Let n(o) = i*a(o) + 5*f(o). Determine n(6).
-9
Let z(s) = s + 2. Let g(n) = -n - 2. Let i(t) = -4*g(t) - 5*z(t). Let r = -23 - -109. Let a = r + -86. Give i(a).
-2
Let c(w) be the third derivative of -w**4/24 - 2*w**3/3 + 3*w**2 - 50*w. Suppose -6*m = -7*m - 7. What is c(m)?
3
Let l(o) = o**3 - 15*o**2 - 25*o + 25. Let d be l(16). Let y = -119 - d. Let x(g) = -g**3 - g**2 - g + 1. Determine x(y).
1
Let i(d) = 30100 - d**2 - 14988 - 15112 - 3*d. Let k = 5 - 10. Calculate i(k).
-10
Let w = 171 + -45. Let r = w - 128. Let y(s) be the first derivative of -s**2/2 - 2*s - 1. Give y(r).
0
Let x = 50/27 - 173/108. Let y(h) be the first derivative of 0*h**2 - 9 + h + 0*h**3 + x*h**4. What is y(-2)?
-7
Let q(d) = 2*d + 3. Suppose 5*c - 4 = 4*c + 4*p, 3*p + 95 = -5*c. Let k = 53 + c. Let l = k - 40. What is q(l)?
-3
Let h(s) = -s + 4*s**2 + 21 - 20 + 5*s - 6*s**2. Let o(j) = -j**2 + 52*j - 624. Let k be o(33). Calculate h(k).
-5
Let p be -18 + 234/57 + ((-88)/(-76))/(-11). Let v(q) = -5*q - 64. Calculate v(p).
6
Let q(m) be the second derivative of -7*m**5/20 + m**4/12 - m**3/3 - 7*m**2/2 - 246*m. Determine q(0).
-7
Let s(n) be the first derivative of n**3/3 + 3*n**2 - 23*n - 524. Determine s(-8).
-7
Let j(y) = 2*y**3 - 5*y**2 - 16*y + 39. Let g be j(2). Let m(x) be the second derivative of 1/3*x**g + 0 - 15/2*x**2 + 17*x. Calculate m(10).
5
Let s(d) = -138*d - 416. Let a be s(-3). Let t(r) = 28*r + 6. Calculate t(a).
-50
Let w be (-79 - (-11 - -6))/(-1). Let z = -71 + w. Let o(j) = j**3 - j**2 - 5*j + 4. Calculate o(z).
7
Let a(v) = -12*v**2 + 5*v + 11. Let u(z) = z**2 + 2*z + 1. Let s(p) = -a(p) - 5*u(p). Let f be s(-1). Let r(t) = -t**2 + 6*t - 8. Calculate r(f).
-8
Let g(h) = -2*h**2 - 27*h - 23. Suppose t + 7 = -5*q, -5*q + 25 - 80 = 5*t. Determine g(t).
13
Let m(k) = -24*k**2 - 1. Let a = 300 - 299. Let p be (-8)/(-4) + a + (-4)/1. Determine m(p).
-25
Let r(v) = -v**3 + 7*v**2 - 8*v - 5. Suppose -1832 + 2665 = 119*s. Calculate r(s).
-61
Let a(t) = 196 + 17*t - 231 + 52. What is a(6)?
119
Suppose 0 = 4*n - 3*c + 35, 2*n - 3*c + 4 = -15. Let u(k) = 4*k + 30. Give u(n).
-2
Let r(p) be the second derivative of p**3/6 + 2*p**2 + 284*p + 13. Suppose -2*m + 9 = 4*z - 3*m, 5*z + 5*m - 5 = 0. Let c be (-2)/8 + z/8. What is r(c)?
4
Let n(b) be the first derivative of b**4/3 + 19*b + 137. Let q(k) be the first derivative of n(k). Calculate q(2).
16
Let z(c) be the first derivative of -c**2 + 92*c - 916. What is z(42)?
8
Let p(z) = 104*z + 3 - 221*z + 116*z. Calculate p(10).
-7
Let h(m) = 2*m - 7. Let x(s) = -s + 3. Let b(i) = -3*h(i) - 7*x(i). Let l be 80/9 + (-152)/171. Suppose 0 = -4*k + 5*w - 32, -k + l*w - 8 = 7*w. Calculate b(k).
-8
Let k be 2 - (-1)/(-2 + 3). Let c(p) be the second derivative of -p**5/20 + p**4/12 - p**3/6 + 2*p**2 - 3626*p - 2. Give c(k).
-17
Let m(v) = -27*v - 62 + 22*v + 3*v + 3*v + 4*v. Calculate m(14).
8
Let r(l) = 22 - 1181*l**2 - 1186*l**2 - l + 2366*l**2. Determine r(0).
22
Let h(o) = 25 + 65*o + 66*o + 73*o - 269*o + 64*o. Give h(23).
2
Let j be (78/65 + -1)*(24 + 1). Let c(i) = -i**3 + 4*i**2 + 9*i - 2. Calculate c(j).
18
Suppose 0 = -75*q + 80*q - 30. Let x(l) = -4*l + 5*l + 0*l**2 - l**2 + 1 + q*l. Determine x(6).
7
Let v be 220/(-99) + (-4)/(-18). Let x(n) = -n - 10. Let a(q) = 6. Let y(k) = v*a(k) - x(k). Give y(-1).
